{"id":11,"date":"2018-10-17T18:41:57","date_gmt":"2018-10-17T18:41:57","guid":{"rendered":"https:\/\/transportbob.com\/?page_id=11"},"modified":"2024-02-07T19:02:18","modified_gmt":"2024-02-07T19:02:18","slug":"homepage","status":"publish","type":"page","link":"https:\/\/transportbob.com\/","title":{"rendered":"Accueil"},"content":{"rendered":"\n<p class=\"has-black-color has-text-color has-medium-font-size\">Situ\u00e9 dans la capitale nationale, Transport Bob offre un service de transport diversifi\u00e9. L&#8217;\u00e9quipe de Transport Bob s&#8217;assure d&#8217;un transport s\u00e9curitaire et professionnel de la prise en charge au d\u00e9p\u00f4t du bien. Transport Bob offre du transport de courte distance au niveau de la province ainsi que de longue distance CAN|USA.<\/p>\n\n\n\n<p class=\"has-black-color has-text-color has-medium-font-size\">Voici quelques exemples de ce que Transport Bob peut transporter pour vous :<\/p>\n\n\n\n<ul class=\"has-black-color has-text-color\">\n<li class=\"has-medium-font-size\">Roulotte<\/li>\n\n\n\n<li class=\"has-medium-font-size\">V.R.<\/li>\n\n\n\n<li class=\"has-medium-font-size\">V\u00e9hicule<\/li>\n\n\n\n<li class=\"has-medium-font-size\">Remorque<\/li>\n<\/ul>\n\n\n\n<figure class=\"wp-block-pullquote has-black-color has-text-color has-small-font-size\"><blockquote><p>Transport Bob ne se limite pas qu&#8217;a cela. Vous pouvez nous appeler au 418-651-6600 pour vous informer si nous pouvons r\u00e9aliser votre transport.<\/p><\/blockquote><\/figure>\n","protected":false},"excerpt":{"rendered":"<p>Situ\u00e9 dans la capitale nationale, Transport Bob offre un service de transport diversifi\u00e9. L&#8217;\u00e9quipe de Transport Bob s&#8217;assure d&#8217;un transport s\u00e9curitaire et professionnel de la prise en charge au d\u00e9p\u00f4t du bien. Transport Bob offre du transport de courte distance au niveau de la province ainsi que de longue distance CAN|USA. Voici quelques exemples de [&hellip;]<\/p>\n","protected":false},"author":1,"featured_media":280,"parent":0,"menu_order":1,"comment_status":"closed","ping_status":"closed","template":"","meta":{"site-sidebar-layout":"default","site-content-layout":"","ast-site-content-layout":"default","site-content-style":"default","site-sidebar-style":"default","ast-global-header-display":"","ast-banner-title-visibility":"","ast-main-header-display":"","ast-hfb-above-header-display":"","ast-hfb-below-header-display":"","ast-hfb-mobile-header-display":"","site-post-title":"disabled","ast-breadcrumbs-content":"","ast-featured-img":"","footer-sml-layout":"","theme-transparent-header-meta":"","adv-header-id-meta":"","stick-header-meta":"","header-above-stick-meta":"","header-main-stick-meta":"","header-below-stick-meta":"","astra-migrate-meta-layouts":"set","ast-page-background-enabled":"default","ast-page-background-meta":{"desktop":{"background-color":"var(--ast-global-color-4)","background-image":"","background-repeat":"repeat","background-position":"center center","background-size":"auto","background-attachment":"scroll","background-type":"","background-media":"","overlay-type":"","overlay-color":"","overlay-gradient":""},"tablet":{"background-color":"","background-image":"","background-repeat":"repeat","background-position":"center center","background-size":"auto","background-attachment":"scroll","background-type":"","background-media":"","overlay-type":"","overlay-color":"","overlay-gradient":""},"mobile":{"background-color":"","background-image":"","background-repeat":"repeat","background-position":"center center","background-size":"auto","background-attachment":"scroll","background-type":"","background-media":"","overlay-type":"","overlay-color":"","overlay-gradient":""}},"ast-content-background-meta":{"desktop":{"background-color":"var(--ast-global-color-5)","background-image":"","background-repeat":"repeat","background-position":"center center","background-size":"auto","background-attachment":"scroll","background-type":"","background-media":"","overlay-type":"","overlay-color":"","overlay-gradient":""},"tablet":{"background-color":"var(--ast-global-color-5)","background-image":"","background-repeat":"repeat","background-position":"center center","background-size":"auto","background-attachment":"scroll","background-type":"","background-media":"","overlay-type":"","overlay-color":"","overlay-gradient":""},"mobile":{"background-color":"var(--ast-global-color-5)","background-image":"","background-repeat":"repeat","background-position":"center center","background-size":"auto","background-attachment":"scroll","background-type":"","background-media":"","overlay-type":"","overlay-color":"","overlay-gradient":""}},"footnotes":""},"_links":{"self":[{"href":"https:\/\/transportbob.com\/index.php?rest_route=\/wp\/v2\/pages\/11"}],"collection":[{"href":"https:\/\/transportbob.com\/index.php?rest_route=\/wp\/v2\/pages"}],"about":[{"href":"https:\/\/transportbob.com\/index.php?rest_route=\/wp\/v2\/types\/page"}],"author":[{"embeddable":true,"href":"https:\/\/transportbob.com\/index.php?rest_route=\/wp\/v2\/users\/1"}],"replies":[{"embeddable":true,"href":"https:\/\/transportbob.com\/index.php?rest_route=%2Fwp%2Fv2%2Fcomments&post=11"}],"version-history":[{"count":15,"href":"https:\/\/transportbob.com\/index.php?rest_route=\/wp\/v2\/pages\/11\/revisions"}],"predecessor-version":[{"id":286,"href":"https:\/\/transportbob.com\/index.php?rest_route=\/wp\/v2\/pages\/11\/revisions\/286"}],"wp:featuredmedia":[{"embeddable":true,"href":"https:\/\/transportbob.com\/index.php?rest_route=\/wp\/v2\/media\/280"}],"wp:attachment":[{"href":"https:\/\/transportbob.com\/index.php?rest_route=%2Fwp%2Fv2%2Fmedia&parent=11"}],"curies":[{"name":"wp","href":"https:\/\/api.w.org\/{rel}","templated":true}]}}